the millions digit of 6222840?
6
What is the ten thousands digit of 37855827?
5
What is the units digit of 854139655?
5
What is the tens digit of 23554878?
7
What is the hundred thousands digit of 2624283715?
2
What is the hundred millions digit of 2457124701?
4
What is the billions digit of 1821911944?
1
What is the ten millions digit of 185038175?
8
What is the ten millions digit of 1902305771?
0
What is the hundreds digit of 991327293?
2
What is the hundred thousands digit of 103524510?
5
What is the thousands digit of 1223170266?
0
What is the ten thousands digit of 147335600?
3
What is the millions digit of 3573095468?
3
What is the ten millions digit of 2725655664?
2
What is the tens digit of 3553376283?
8
What is the hundreds digit of 97431628?
6
What is the units digit of 44643288?
8
What is the tens digit of 92938934?
3
What is the millions digit of 41612630?
1
What is the hundred millions digit of 129736915?
1
What is the ten millions digit of 2237909366?
3
What is the millions digit of 394679245?
4
What is the thousands digit of 969120236?
0
What is the tens digit of 41237048?
4
What is the ten millions digit of 128982313?
2
What is the ten millions digit of 56482179?
5
What is the tens digit of 11256998?
9
What is the thousands digit of 2974897756?
7
What is the billions digit of 4478050049?
4
What is the billions digit of 7849013860?
7
What is the tens digit of 3535949920?
2
What is the units digit of 55526239?
9
What is the millions digit of 74127764?
4
What is the ten thousands digit of 100408867?
0
What is the millions digit of 28790863?
8
What is the ten millions digit of 1141677055?
4
What is the thousands digit of 85224545?
4
What is the ten thousands digit of 106354230?
5
What is the millions digit of 6511744?
6
What is the ten thousands digit of 3342915017?
1
What is the thousands digit of 23363567?
3
What is the units digit of 328373590?
0
What is the thousands digit of 350398087?
8
What is the hundreds digit of 337845720?
7
What is the hundred millions digit of 180720425?
1
What is the units digit of 35589102?
2
What is the ten thousands digit of 109291415?
9
What is the tens digit of 25117106?
0
What is the ten thousands digit of 169822030?
2
What is the hundreds digit of 447143056?
0
What is the hundred millions digit of 1834165384?
8
What is the hundred millions digit of 107519946?
1
What is the hundred millions digit of 110176394?
1
What is the hundred millions digit of 2589116489?
5
What is the hundred thousands digit of 54386270?
3
What is the hundreds digit of 24366723?
7
What is the thousands digit of 53619547?
9
What is the thousands digit of 26574816?
4
What is the units digit of 707958781?
1
What is the tens digit of 34110065?
6
What is the tens digit of 17821360?
6
What is the thousands digit of 54369864?
9
What is the thousands digit of 7557073107?
3
What is the tens digit of 52568636?
3
What is the hundred thousands digit of 1487830183?
8
What is the units digit of 4739172377?
7
What is the thousands digit of 262858510?
8
What is the hundred millions digit of 443258405?
4
What is the units digit of 55833407?
7
What is the hundreds digit of 14608539?
5
What is the ten millions digit of 184603185?
8
What is the units digit of 1862413150?
0
What is the millions digit of 4756164863?
6
What is the ten millions digit of 34776842?
3
What is the thousands digit of 73858350?
8
What is the ten millions digit of 33161334?
3
What is the hundreds digit of 3596153286?
2
What is the hundreds digit of 2112171754?
7
What is the millions digit of 89032785?
9
What is the ten thousands digit of 53456866?
5
What is the units digit of 695714126?
6
What is the hundred thousands digit of 327982856?
9
What is the hundred thousands digit of 165547588?
5
What is the units digit of 227907359?
9
What is the units digit of 1420049043?
3
What is the tens digit of 87041265?
6
What is the ten thousands digit of 1829842132?
4
What is the units digit of 354819468?
8
What is the ten millions digit of 22061693?
2
What is the ten millions digit of 123919887?
2
What is the thousands digit of 301910168?
0
What is the millions digit of 666518137?
6
What is the tens digit of 56109351?
5
What is the billions digit of 2899246778?
2
What is the ten thousands digit of 140561891?
6
What is the tens digit of 1399579173?
7
What is the units digit of 29345296?
6
What is the units digit of 623482738?
8
What is the thousands digit of 485863573?
3
What is the units digit of 1123204841?
1
What is the ten millions digit of 3217912336?
1
What is the ten thousands digit of 66071007?
7
What is the hundreds digit of 140204888?
8
What is the tens digit of 4049546102?
0
What is the ten millions digit of 18091359?
1
What is the hundred millions digit of 9391488846?
3
What is the millions digit of 21428344?
1
What is the units digit of 55749714?
4
What is the hundreds digit of 12172918?
9
What is the ten thousands digit of 444307887?
0
What is the hundred thousands digit of 32044449?
0
What is the hundred thousands digit of 95515550?
5
What is the ten thousands digit of 664995179?
9
What is the thousands digit of 98801907?
1
What is the millions digit of 856006223?
6
What is the hundreds digit of 10626088?
0
What is the hundreds digit of 705176801?
8
What is the hundred thousands digit of 843568863?
5
What is the hundred thousands digit of 93867815?
8
What is the hundred thousands digit of 3451213302?
2
What is the units digit of 424027561?
1
What is the units digit of 64253780?
0
What is the units digit of 29625299?
9
What is the units digit of 45458279?
9
What is the millions digit of 208600217?
8
What is the millions digit of 90340552?
0
What is the units digit of 69475489?
9
What is the thousands digit of 60036359?
6
What is the units digit of 3307435195?
5
What is the hundred millions digit of 484052439?
4
What is the ten thousands digit of 181893742?
9
What is the thousands digit of 77151821?
1
What is the hundred thousands digit of 50590466?
5
What is the billions digit of 1483557770?
1
What is the tens digit of 1403596612?
1
What is the units digit of 579705335?
5
What is the millions digit of 45110637?
5
What is the millions digit of 490882348?
0
What is the hundred thousands digit of 2703326161?
3
What is the hundreds digit of 557616541?
5
What is the thousands digit of 950599161?
9
What is the ten thousands digit of 47877401?
7
What is the ten millions digit of 125134016?
2
What is the hundreds digit of 651545233?
2
What is the hundred thousands digit of 35611817?
6
What is the hundred thousands digit of 4292459258?
4
What is the tens digit of 28076199?
9
What is the thousands digit of 104853973?
3
What is the ten thousands digit of 93824054?
2
What is the hundred thousands digit of 33592801?
5
What is the tens digit of 831818037?
3
What is the units digit of 472635195?
5
What is the tens digit of 1608034750?
5
What is the hundred thousands digit of 474016382?
0
What is the hundreds digit of 55341717?
7
What is the ten millions digit of 4538178850?
3
What is the thousands digit of 4714970214?
0
What is the hundreds digit of 37612115?
1
What is the tens digit of 7816464818?
1
What is the ten millions digit of 15061253?
1
What is the tens digit of 453403648?
4
What is the units digit of 719669536?
6
What is the ten millions digit of 12287773?
1
What is the thousands digit of 986105903?
5
What is the units digit of 435449915?
5
What is the hundred millions digit of 194340484?
1
What is the tens digit of 52040499?
9
What is the tens digit of 2433142?
4
What is the millions digit of 172124606?
2
What is the hundred thousands digit of 78145183?
1
What is the hundred thousands digit of 79850389?
8
What is the tens digit of 1024607635?
3
What is the ten millions digit of 118764587?
1
What is the thousands digit of 73792759?
2
What is the hundred thousands digit of 139767771?
7
What is the hundred thousands digit of 130910978?
9
What is the hundreds digit of 134618402?
4
What is the millions digit of 177948941?
7
What is the units digit of 50291472?
2
What is the ten millions digit of 313513295?
1
What is the ten thousands digit of 40292161?
9
What is the hundred thousands digit of 130097707?
0
What is the thousands digit of 379164343?
4
What is the millions dig